{"id":34785,"date":"2025-04-04T14:32:17","date_gmt":"2025-04-04T12:32:17","guid":{"rendered":"https:\/\/digiagrifood.ch\/digiblogs\/event\/focus-food-save-2025"},"modified":"2025-07-01T09:06:01","modified_gmt":"2025-07-01T07:06:01","slug":"focus-food-save-2025","status":"publish","type":"event","link":"https:\/\/digiagrifood.ch\/fr\/digiblogs\/event\/focus-food-save-2025\/","title":{"rendered":"Focus Food Save 2025"},"content":{"rendered":"<div class=\"wpb-content-wrapper\"><p>[vc_row row_height_percent=&#8221;0&#8243; override_padding=&#8221;yes&#8221; h_padding=&#8221;2&#8243; top_padding=&#8221;4&#8243; bottom_padding=&#8221;2&#8243; overlay_alpha=&#8221;50&#8243; equal_height=&#8221;yes&#8221; gutter_size=&#8221;4&#8243; column_width_percent=&#8221;100&#8243; shift_y=&#8221;0&#8243; z_index=&#8221;0&#8243; el_class=&#8221;inverted-device-order&#8221; uncode_shortcode_id=&#8221;557198&#8243;][vc_column column_width_use_pixel=&#8221;yes&#8221; position_vertical=&#8221;middle&#8221; gutter_size=&#8221;3&#8243; overlay_alpha=&#8221;50&#8243; shift_x=&#8221;0&#8243; shift_y=&#8221;0&#8243; shift_y_down=&#8221;0&#8243; z_index=&#8221;0&#8243; medium_width=&#8221;0&#8243; mobile_width=&#8221;0&#8243; width=&#8221;2\/3&#8243; column_width_pixel=&#8221;900&#8243; uncode_shortcode_id=&#8221;118495&#8243;][vc_row_inner][vc_column_inner column_width_percent=&#8221;100&#8243; gutter_size=&#8221;2&#8243; overlay_alpha=&#8221;50&#8243; shift_x=&#8221;0&#8243; shift_y=&#8221;0&#8243; shift_y_down=&#8221;0&#8243; z_index=&#8221;0&#8243; medium_width=&#8221;0&#8243; mobile_width=&#8221;0&#8243; width=&#8221;1\/1&#8243; uncode_shortcode_id=&#8221;839644&#8243;][vc_custom_heading text_color=&#8221;accent&#8221; heading_semantic=&#8221;h4&#8243; text_size=&#8221;h6&#8243; text_transform=&#8221;uppercase&#8221; uncode_shortcode_id=&#8221;138636&#8243; text_color_type=&#8221;uncode-palette&#8221;]Focus Food Save 2025[\/vc_custom_heading][vc_custom_heading uncode_shortcode_id=&#8221;971740&#8243;]From vision to action![\/vc_custom_heading][vc_column_text uncode_shortcode_id=&#8221;150206&#8243;]<strong>Date :<\/strong> 26.06.2025<br \/>\n<strong>Heure :<\/strong> 9:00 \u00e0 15:00<br \/>\n<strong>Lieu du cours :<\/strong> Welle7, Schanzenstrasse 5, 3008 Berne[\/vc_column_text][\/vc_column_inner][\/vc_row_inner][vc_column_text uncode_shortcode_id=&#8221;255271&#8243;]<strong>Le 26 juin 2025, le Focus Food Save 25 de United Against Waste r\u00e9unira \u00e0 Berne les personnalit\u00e9s les plus innovantes du secteur Food Save. Sous la devise \u00ab from vision to action! \u00bb, cette journ\u00e9e sera enti\u00e8rement consacr\u00e9e aux solutions novatrices pour r\u00e9duire les pertes alimentaires. <\/strong><\/p>\n<p>Cet \u00e9v\u00e9nement rassemblera des experts de premier plan issus de la science, de l\u2019\u00e9conomie et de l\u2019administration et proposera un programme compact et pratique, incluant des conf\u00e9rences inspirantes, des sessions interactives et des opportunit\u00e9s de r\u00e9seautage enrichissantes. Ensemble, nous d\u00e9veloppons des solutions viables pour l&#8217;avenir du secteur alimentaire. Rencontrez des experts inspirants et repartez avec de pr\u00e9cieuses id\u00e9es.<\/p>\n<p>Les moments forts du programme :<\/p>\n<p><strong>Conf\u00e9rences inspirantes<\/strong><\/p>\n<p>D\u00e9couvrez en exclusivit\u00e9 la nouvelle gamme \u00ab Nice to Food Save \u00bb de Coop et Betty Bossi ainsi que des approches cr\u00e9atives pour valoriser les flux secondaires. Martin Jucker (Jucker Farm) vous emm\u00e8nera dans les coulisses et partagera ses exp\u00e9riences, y compris celles des projets qui ne se sont pas d\u00e9roul\u00e9s comme pr\u00e9vu. Attendez-vous \u00e0 des insights passionnants et des id\u00e9es concr\u00e8tes !<\/p>\n<p><strong>StreamUp Celebration<\/strong><\/p>\n<p>Onze projets visionnaires en mati\u00e8re de Food Save ont suivi le programme de mentorat StreamUp \u2013 il est temps de c\u00e9l\u00e9brer leurs r\u00e9ussites ! D\u00e9couvrez des solutions innovantes, testez de nouveaux produits et \u00e9changez avec les esprits cr\u00e9atifs derri\u00e8re ces initiatives.<\/p>\n<p><strong>Breakout-Sessions<\/strong><\/p>\n<p>Choisissez parmi quatre sessions interactives sur des sujets d\u2019actualit\u00e9 :<\/p>\n<ul>\n<li>Nebenstr\u00f6me \u2013 die Zutat f\u00fcr mehr Nachhaltigkeit (uniquement en allemand)<\/li>\n<li>Branchen\u00fcbergreifend ans Ziel \u2013 am Beispiel Mehl (uniquement en allemand)<\/li>\n<li>Food Save en restauration \u2013 simple et efficace (uniquement en fran\u00e7ais)<\/li>\n<li>Comp\u00e9tence Food Save \u2013 comment l\u2019acqu\u00e9rir? (en allemand avec traduction simultan\u00e9e en fran\u00e7ais)<\/li>\n<\/ul>\n<p>Profitez de cette opportunit\u00e9 unique pour \u00e9changer avec des experts de premier plan et contribuer activement \u00e0 l\u2019avenir du secteur alimentaire ![\/vc_column_text][vc_button border_width=&#8221;0&#8243; link=&#8221;url:https%3A%2F%2Funited-against-waste.ch%2Ffr%2Fevenement%2Ffocus-food-save-2025%2F|&#8221; uncode_shortcode_id=&#8221;281052&#8243;]Informations et r\u00e9servation de billets[\/vc_button][vc_button button_color=&#8221;accent&#8221; border_width=&#8221;0&#8243; link=&#8221;url:https%3A%2F%2Fdigiagrifood.ch%2Ffr%2Fevents|&#8221; button_color_type=&#8221;uncode-palette&#8221; uncode_shortcode_id=&#8221;322847&#8243;]Retour \u00e0 l&#8217;aper\u00e7u[\/vc_button][\/vc_column][vc_column column_width_percent=&#8221;100&#8243; gutter_size=&#8221;2&#8243; overlay_alpha=&#8221;50&#8243; shift_x=&#8221;0&#8243; shift_y=&#8221;0&#8243; shift_y_down=&#8221;0&#8243; z_index=&#8221;0&#8243; medium_width=&#8221;0&#8243; mobile_width=&#8221;0&#8243; sticky=&#8221;yes&#8221; width=&#8221;1\/3&#8243; uncode_shortcode_id=&#8221;182839&#8243;][vc_custom_heading heading_semantic=&#8221;h3&#8243; text_size=&#8221;h3&#8243; text_weight=&#8221;400&#8243; sub_reduced=&#8221;yes&#8221; uncode_shortcode_id=&#8221;107454&#8243; subheading=&#8221;toute la journ\u00e9e&#8221;]Dur\u00e9e[\/vc_custom_heading][vc_custom_heading heading_semantic=&#8221;h3&#8243; text_size=&#8221;h3&#8243; text_weight=&#8221;400&#8243; sub_reduced=&#8221;yes&#8221; uncode_shortcode_id=&#8221;210531&#8243; subheading=&#8221;Welle7, Schanzenstrasse 5, 3008 Berne&#8221;]Lieu du cours[\/vc_custom_heading][vc_button button_color=&#8221;accent&#8221; border_width=&#8221;0&#8243; link=&#8221;url:https%3A%2F%2Funited-against-waste.ch%2Ffr%2Fevenement%2Ffocus-food-save-2025%2F|&#8221; button_color_type=&#8221;uncode-palette&#8221; uncode_shortcode_id=&#8221;462098&#8243;]Programme[\/vc_button][vc_custom_heading heading_semantic=&#8221;h3&#8243; text_size=&#8221;h3&#8243; text_weight=&#8221;400&#8243; sub_reduced=&#8221;yes&#8221; uncode_shortcode_id=&#8221;197754&#8243; subheading=&#8221;Des professionnelles du secteur alimentaire suisse \u2013 y compris la transformation, la distribution et la restauration \u2013 ainsi que des repr\u00e9sentantes de l\u2019administration, des ONG et du secteur de l\u2019\u00e9ducation. Ces diff\u00e9rents groupes cibles partagent un fort int\u00e9r\u00eat pour la r\u00e9duction des pertes alimentaires au niveau op\u00e9rationnel. &#8220;]Groupes cibles[\/vc_custom_heading][vc_custom_heading heading_semantic=&#8221;h3&#8243; text_size=&#8221;h3&#8243; text_weight=&#8221;400&#8243; sub_reduced=&#8221;yes&#8221; uncode_shortcode_id=&#8221;883739&#8243; subheading=&#8221;United Against Waste&#8221;]Direction du cours[\/vc_custom_heading][\/vc_column][\/vc_row]<\/p>\n<\/div>","protected":false},"excerpt":{"rendered":"<p>Le 26 juin 2025, le Focus Food Save 25 de United Against Waste r\u00e9unira \u00e0 Berne les personnalit\u00e9s les plus innovantes du secteur Food Save. Sous la devise \u00ab from vision to action! \u00bb, cette journ\u00e9e sera enti\u00e8rement consacr\u00e9e aux solutions novatrices pour r\u00e9duire les pertes alimentaires. <\/p>\n","protected":false},"featured_media":34779,"template":"","meta":{"_acf_changed":false,"footnotes":""},"tags":[85],"event-category":[78],"class_list":["post-34785","event","type-event","status-publish","has-post-thumbnail","hentry","tag-expire-fr","event-category-expire"],"acf":[],"_links":{"self":[{"href":"https:\/\/digiagrifood.ch\/fr\/wp-json\/wp\/v2\/event\/34785","targetHints":{"allow":["GET"]}}],"collection":[{"href":"https:\/\/digiagrifood.ch\/fr\/wp-json\/wp\/v2\/event"}],"about":[{"href":"https:\/\/digiagrifood.ch\/fr\/wp-json\/wp\/v2\/types\/event"}],"version-history":[{"count":3,"href":"https:\/\/digiagrifood.ch\/fr\/wp-json\/wp\/v2\/event\/34785\/revisions"}],"predecessor-version":[{"id":35079,"href":"https:\/\/digiagrifood.ch\/fr\/wp-json\/wp\/v2\/event\/34785\/revisions\/35079"}],"wp:featuredmedia":[{"embeddable":true,"href":"https:\/\/digiagrifood.ch\/fr\/wp-json\/wp\/v2\/media\/34779"}],"wp:attachment":[{"href":"https:\/\/digiagrifood.ch\/fr\/wp-json\/wp\/v2\/media?parent=34785"}],"wp:term":[{"taxonomy":"post_tag","embeddable":true,"href":"https:\/\/digiagrifood.ch\/fr\/wp-json\/wp\/v2\/tags?post=34785"},{"taxonomy":"event-category","embeddable":true,"href":"https:\/\/digiagrifood.ch\/fr\/wp-json\/wp\/v2\/event-category?post=34785"}],"curies":[{"name":"wp","href":"https:\/\/api.w.org\/{rel}","templated":true}]}}

<div class="wpb-content-wrapper"><p>[vc_row row_height_percent=&#8221;0&#8243; override_padding=&#8221;yes&#8221; h_padding=&#8221;2&#8243; top_padding=&#8221;4&#8243; bottom_padding=&#8221;2&#8243; overlay_alpha=&#8221;50&#8243; equal_height=&#8221;yes&#8221; gutter_size=&#8221;4&#8243; column_width_percent=&#8221;100&#8243; shift_y=&#8221;0&#8243; z_index=&#8221;0&#8243; el_class=&#8221;inverted-device-order&#8221; uncode_shortcode_id=&#8221;557198&#8243;][vc_column column_width_use_pixel=&#8221;yes&#8221; position_vertical=&#8221;middle&#8221; gutter_size=&#8221;3&#8243; overlay_alpha=&#8221;50&#8243; shift_x=&#8221;0&#8243; shift_y=&#8221;0&#8243; shift_y_down=&#8221;0&#8243; z_index=&#8221;0&#8243; medium_width=&#8221;0&#8243; mobile_width=&#8221;0&#8243; width=&#8221;2/3&#8243; column_width_pixel=&#8221;900&#8243; uncode_shortcode_id=&#8221;118495&#8243;][vc_row_inner][vc_column_inner column_width_percent=&#8221;100&#8243; gutter_size=&#8221;2&#8243; overlay_alpha=&#8221;50&#8243; shift_x=&#8221;0&#8243; shift_y=&#8221;0&#8243; shift_y_down=&#8221;0&#8243; z_index=&#8221;0&#8243; medium_width=&#8221;0&#8243; mobile_width=&#8221;0&#8243; width=&#8221;1/1&#8243; uncode_shortcode_id=&#8221;839644&#8243;][vc_custom_heading text_color=&#8221;accent&#8221; heading_semantic=&#8221;h4&#8243; text_size=&#8221;h6&#8243; text_transform=&#8221;uppercase&#8221; uncode_shortcode_id=&#8221;138636&#8243; text_color_type=&#8221;uncode-palette&#8221;]Focus Food Save 2025[/vc_custom_heading][vc_custom_heading uncode_shortcode_id=&#8221;971740&#8243;]From vision to action![/vc_custom_heading][vc_column_text uncode_shortcode_id=&#8221;150206&#8243;]<strong>Date :</strong> 26.06.2025<br />
<strong>Heure :</strong> 9:00 à 15:00<br />
<strong>Lieu du cours :</strong> Welle7, Schanzenstrasse 5, 3008 Berne[/vc_column_text][/vc_column_inner][/vc_row_inner][vc_column_text uncode_shortcode_id=&#8221;255271&#8243;]<strong>Le 26 juin 2025, le Focus Food Save 25 de United Against Waste réunira à Berne les personnalités les plus innovantes du secteur Food Save. Sous la devise « from vision to action! », cette journée sera entièrement consacrée aux solutions novatrices pour réduire les pertes alimentaires. </strong></p>
<p>Cet événement rassemblera des experts de premier plan issus de la science, de l’économie et de l’administration et proposera un programme compact et pratique, incluant des conférences inspirantes, des sessions interactives et des opportunités de réseautage enrichissantes. Ensemble, nous développons des solutions viables pour l&#8217;avenir du secteur alimentaire. Rencontrez des experts inspirants et repartez avec de précieuses idées.</p>
<p>Les moments forts du programme :</p>
<p><strong>Conférences inspirantes</strong></p>
<p>Découvrez en exclusivité la nouvelle gamme « Nice to Food Save » de Coop et Betty Bossi ainsi que des approches créatives pour valoriser les flux secondaires. Martin Jucker (Jucker Farm) vous emmènera dans les coulisses et partagera ses expériences, y compris celles des projets qui ne se sont pas déroulés comme prévu. Attendez-vous à des insights passionnants et des idées concrètes !</p>
<p><strong>StreamUp Celebration</strong></p>
<p>Onze projets visionnaires en matière de Food Save ont suivi le programme de mentorat StreamUp – il est temps de célébrer leurs réussites ! Découvrez des solutions innovantes, testez de nouveaux produits et échangez avec les esprits créatifs derrière ces initiatives.</p>
<p><strong>Breakout-Sessions</strong></p>
<p>Choisissez parmi quatre sessions interactives sur des sujets d’actualité :</p>
<ul>
<li>Nebenströme – die Zutat für mehr Nachhaltigkeit (uniquement en allemand)</li>
<li>Branchenübergreifend ans Ziel – am Beispiel Mehl (uniquement en allemand)</li>
<li>Food Save en restauration – simple et efficace (uniquement en français)</li>
<li>Compétence Food Save – comment l’acquérir? (en allemand avec traduction simultanée en français)</li>
</ul>
<p>Profitez de cette opportunité unique pour échanger avec des experts de premier plan et contribuer activement à l’avenir du secteur alimentaire ![/vc_column_text][vc_button border_width=&#8221;0&#8243; link=&#8221;url:https%3A%2F%2Funited-against-waste.ch%2Ffr%2Fevenement%2Ffocus-food-save-2025%2F|&#8221; uncode_shortcode_id=&#8221;281052&#8243;]Informations et réservation de billets[/vc_button][vc_button button_color=&#8221;accent&#8221; border_width=&#8221;0&#8243; link=&#8221;url:https%3A%2F%2Fdigiagrifood.ch%2Ffr%2Fevents|&#8221; button_color_type=&#8221;uncode-palette&#8221; uncode_shortcode_id=&#8221;322847&#8243;]Retour à l&#8217;aperçu[/vc_button][/vc_column][vc_column column_width_percent=&#8221;100&#8243; gutter_size=&#8221;2&#8243; overlay_alpha=&#8221;50&#8243; shift_x=&#8221;0&#8243; shift_y=&#8221;0&#8243; shift_y_down=&#8221;0&#8243; z_index=&#8221;0&#8243; medium_width=&#8221;0&#8243; mobile_width=&#8221;0&#8243; sticky=&#8221;yes&#8221; width=&#8221;1/3&#8243; uncode_shortcode_id=&#8221;182839&#8243;][vc_custom_heading heading_semantic=&#8221;h3&#8243; text_size=&#8221;h3&#8243; text_weight=&#8221;400&#8243; sub_reduced=&#8221;yes&#8221; uncode_shortcode_id=&#8221;107454&#8243; subheading=&#8221;toute la journée&#8221;]Durée[/vc_custom_heading][vc_custom_heading heading_semantic=&#8221;h3&#8243; text_size=&#8221;h3&#8243; text_weight=&#8221;400&#8243; sub_reduced=&#8221;yes&#8221; uncode_shortcode_id=&#8221;210531&#8243; subheading=&#8221;Welle7, Schanzenstrasse 5, 3008 Berne&#8221;]Lieu du cours[/vc_custom_heading][vc_button button_color=&#8221;accent&#8221; border_width=&#8221;0&#8243; link=&#8221;url:https%3A%2F%2Funited-against-waste.ch%2Ffr%2Fevenement%2Ffocus-food-save-2025%2F|&#8221; button_color_type=&#8221;uncode-palette&#8221; uncode_shortcode_id=&#8221;462098&#8243;]Programme[/vc_button][vc_custom_heading heading_semantic=&#8221;h3&#8243; text_size=&#8221;h3&#8243; text_weight=&#8221;400&#8243; sub_reduced=&#8221;yes&#8221; uncode_shortcode_id=&#8221;197754&#8243; subheading=&#8221;Des professionnelles du secteur alimentaire suisse – y compris la transformation, la distribution et la restauration – ainsi que des représentantes de l’administration, des ONG et du secteur de l’éducation. Ces différents groupes cibles partagent un fort intérêt pour la réduction des pertes alimentaires au niveau opérationnel. &#8220;]Groupes cibles[/vc_custom_heading][vc_custom_heading heading_semantic=&#8221;h3&#8243; text_size=&#8221;h3&#8243; text_weight=&#8221;400&#8243; sub_reduced=&#8221;yes&#8221; uncode_shortcode_id=&#8221;883739&#8243; subheading=&#8221;United Against Waste&#8221;]Direction du cours[/vc_custom_heading][/vc_column][/vc_row]</p>
</div>

<p>Le 26 juin 2025, le Focus Food Save 25 de United Against Waste réunira à Berne les personnalités les plus innovantes du secteur Food Save. Sous la devise « from vision to action! », cette journée sera entièrement consacrée aux solutions novatrices pour réduire les pertes alimentaires. </p>
